01010000001
-1243350 (base 7) to base 5
-20141303
Convert 2612265 (base 9) to base 13.
3aba55
Convert -1526665 (base 8) to base 12.
-191359
-18b1a05 (base 12) to base 2
-10011110111011101100101
What is -70975 (base 15) in base 8?
-1270236
-15203550 (base 6) to base 9
-886453
Convert 102579 (base 13) to base 4.
1123330320
-36b27 (base 16) to base 2
-110110101100100111
Convert 1010001100101000001 (base 2) to base 7.
2561120
Convert -116326124 (base 7) to base 16.
-702d22
Convert 817590 (base 10) to base 6.
25305050
Convert -844034 (base 12) to base 15.
-2b16d7
Convert -294105 (base 12) to base 14.
-13dd41
What is 13aa434 (base 11) in base 3?
11112200200210
1a18b36 (base 14) to base 16
c5e96c
Convert 5353752 (base 9) to base 8.
12745306
-5daec8 (base 15) to base 16
-448b38
What is 4992c (base 14) in base 7?
1350155
Convert 1204321304 (base 5) to base 8.
12553630
Convert -800063 (base 9) to base 5.
-110104244
-255654650 (base 7) to base 13
-350602a
What is 23320033 (base 4) in base 10?
48655
What is 95800 (base 14) in base 15?
71e8c
1262047 (base 8) to base 6
11323423
4557765 (base 8) to base 7
13341234
222201311 (base 4) to base 15
36932
What is -2793356 (base 12) in base 14?
-109b334
What is 2bb323 (base 16) in base 15?
3b8872
Convert -43154752 (base 8) to base 5.
-4330341301
What is 152176 (base 10) in base 12?
74094
What is 2500215 (base 7) in base 10?
319443
What is -403142310 (base 6) in base 4?
-122031232002
What is 13240443440 (base 5) in base 2?
111111110101100000100101
16566144 (base 7) to base 10
1630017
-863631 (base 9) to base 2
-1111101100110011011
131003030 (base 5) to base 3
1012120022022
Convert -180821 (base 9) to base 7.
-645061
-26220550 (base 7) to base 9
-4444677
Convert -56caaa (base 13) to base 8.
-7657531
-29b82d (base 16) to base 10
-2734125
What is -5226213 (base 9) in base 8?
-12517015
What is -3017212 (base 8) in base 16?
-c1e8a
What is -3624637 (base 8) in base 2?
-11110010100110011111
What is -20212111202001 (base 3) in base 4?
-31323130231
What is -432520143 (base 6) in base 5?
-3432134434
What is -22895b (base 12) in base 3?
-1001011101122
What is -1633a03 (base 11) in base 5?
-1203140441
Convert 3612645 (base 7) to base 9.
766143
What is 104041042 (base 6) in base 10?
1871666
Convert -152133 (base 10) to base 14.
-3d629
Convert 10101222112 (base 4) to base 14.
2126d8
Convert 5774701 (base 8) to base 3.
2221211101000
What is -100132310 (base 4) in base 7?
-400550
What is -903c8c (base 14) in base 8?
-22402664
Convert 4477888 (base 9) to base 7.
26342036
What is -111213112 (base 6) in base 10?
-2023748
Convert 1303331030 (base 4) to base 12.
1aaa38
What is 21000010222 (base 3) in base 9?
230128
11212221012000 (base 3) to base 9
4787160
Convert -22121120201200 (base 3) to base 14.
-8724a6
Convert 11012112010 (base 3) to base 7.
463164
-54025314 (base 7) to base 12
-1657176
Convert -c85fa4 (base 16) to base 2.
-110010000101111110100100
Convert 78b74 (base 15) to base 9.
644621
What is -100011110000111100110 (base 2) in base 5?
-300000232
What is -30101110 (base 5) in base 9?
-402001
Convert -2922736 (base 11) to base 6.
-255413443
Convert -45308a (base 12) to base 2.
-100001101100110101010
-121212121 (base 5) to base 15
-b3bc6
633655 (base 7) to base 4
122231200
111211101101 (base 3) to base 14
712a9
What is -2694b7 (base 16) in base 2?
-1001101001010010110111
What is -111100020011202 (base 3) in base 13?
-16133c0
Convert -1c94c (base 14) to base 3.
-10201101020
What is 5d4d (base 15) in base 6?
232001
What is 60674e (base 16) in base 8?
30063516
15746145 (base 8) to base 15
4c3770
13100434 (base 6) to base 5
102142341
Convert -17165066 (base 8) to base 7.
-45634554
Convert 36736138 (base 9) to base 7.
305533310
What is 2ab0c2 (base 13) in base 7?
11642401
Convert -101502045 (base 7) to base 4.
-112300311210
What is 3040661 (base 7) in base 16?
58988
a480a (base 13) to base 8
1101520
110000011011011010111 (base 2) to base 16
1836d7
-31010112 (base 4) to base 12
-26b86
What is -126a98 (base 12) in base 7?
-2366063
Convert 131440623 (base 7) to base 4.
200022022032
What is -327890 (base 10) in base 9?
-548702
Convert 36a17 (base 14) to base 10.
133693
Convert -395553 (base 11) to base 6.
-21200424
Convert 62060 (base 9) to base 2.
1001111110101110
Convert 11422131 (base 7) to base 3.
1220111220210
What is -7b115 (base 15) in base 9?
-656332
What is -10202110220 (base 3) in base 16?
-120f9
241504 (base 8) to base 11
571a3
What is 109a372 (base 12) in base 10?
3190406
Convert -211111010200 (base 3) to base 8.
-1540352
Convert -1593787 (base 10) to base 5.
-402000122
-10110100111100100001001 (base 2) to base 9
-12136327
314515 (base 12) to base 6
24335225
Convert 721250 (base 13) to base 15.
377bb8
What is 2077720 (base 10) in base 9?
3816077
aa38 (base 11) to base 10
14561
Convert -100212012011 (base 3) to base 6.
-4054221
5e64f (base 16) to base 13
106ca6
2642365 (base 7) to base 12
148714
What is 14c0521 (base 14) in base 4?
212230101301
Convert -a5860 (base 15) to base 8.
-2001327
What is 2002220101012 (base 3) in base 9?
2086335
What is 10022021201200 (base 3) in base 8?
6550355
What is 2503404 (base 6) in base 7?
1062502
What is -256a92 (base 14) in base 7?
-13635042
234267 (base 10) to base 3
102220100120
What is -1210211122022 (base 3) in base 10?
-961289
What is -2432103340 (base 5) in base 8?
-25706762
-4025632 (base 7) to base 8
-1644366
What is 10424502 (base 6) in base 2?
1001100110100110110
What is 3210142242 (base 5) in base 11?
3883401
-2157177 (base 9) to base 11
-722577
What is -5631734 (base 9) in base 4?
-23210112331
94146 (base 15) to base 3
212211220210
54bb66 (base 12) to base 9
2473716
What is 1218c1 (base 16) in base 15?
18660a
What is -2168648 (base 9) in base 2?
-100011101000100101011
Convert 1616225 (base 7) to base 14.
5b415
Convert 158992 (base 12) to base 3.
200200110002
Convert 12a285 (base 12) to base 2.
1001011001100000101
Convert -82458 (base 10) to base 13.
-2b6bc
-13326a (base 11) to base 14
-563ad
Convert 7a51 (base 12) to base 3.
200122121
What is 3223032231 (base 4) in base 8?
3531655
-12140014 (base 5) to base 4
-130011001
-156645046 (base 7) to base 6
-1021203501
What is -21010011000 (base 3) in base 14?
-39096
What is 80927 (base 10) in base 12?
3a9bb
Convert 220424003 (base 5) to base 12.
39a949
-40123434 (base 5) to base 9
-533312
1203143144 (base 5) to base 6
135424055
-562d9 (base 14) to base 3
-101121212110
Convert 1101100220011 (base 3) to base 11.
462642
What is 4003304011 (base 5) in base 4?
132001031020
What is -22573 (base 11) in base 5?
-2021004
Convert 2323203001 (base 4) to base 7.
6346426
-1c28 (base 13) to base 7
-15263
Convert 37ed9 (base 16) to base 14.
5d6ad
What is 2115305 (base 6) in base 3?
12021002012
-2b182 (base 15) to base 8
-416742
What is 27ea9 (base 15) in base 8?
372270
-100022012022 (base 3) to base 15
-393d2
What is -78259 (base 13) in base 6?
-4400511
What is -1010111110110010001 (base 2) in base 7?
-3026024
-212141 (base 6) to base 3
-212210021
-123332111 (base 4) to base 16
-1bf95
-22123112 (base 4) to base 11
-2a0a8
What is 144102223 (base 5) in base 2?
10111011110000100111
What is 35435 (base 14) in base 9?
217041
Convert 10310611 (base 8) to base 10.
2199945
What is 124231045 (base 6) in base 4?
21111013211
62757c (base 13) to base 5
1042114312
Convert 34c80 (base 15) to base 8.
510403
-144515303 (base 6) to base 14
-58b395
-21177657 (base 9) to base 16
-9bc2fc
33030003333 (base 4) to base 10
3981567
-140455330 (base 7) to base 10
-9140089
Convert 221250 (base 7) to base 5.
2221032
What is 3023121230 (base 4) in base 14?
179896
Convert 95233 (base 15) to base 6.
14045450
What is -114155 (base 9) in base 5?
-4144112
Convert 87225 (base 9) to base 7.
330305
What is -331404025 (base 7) in base 12?
-6821a84
What is 132223211200 (base 4) in base 7?
125235352
-101100010011110110 (base 2) to base 12
-89046
Convert -2ad2b7 (base 15) to base 14.
-3bc293
48103 (base 11) to base 9
115100
Convert 11100111001010 (base 2) to base 3.
202021221
974088 (base 11) to base 13
426b25
Convert 23e47 (base 15) to base 16.
1bfa0
-117cd5 (base 15) to base 5
-203232100
22004301 (base 6) to base 10
654157
12020113123 (base 4) to base 8
6102733
-1706c78 (base 13) to b